{"id":2691,"date":"2012-09-08T21:35:32","date_gmt":"2012-09-08T19:35:32","guid":{"rendered":"http:\/\/www.moucheur.fr\/palm\/?page_id=2691"},"modified":"2015-03-25T21:40:02","modified_gmt":"2015-03-25T20:40:02","slug":"gilet-travel-succulent-caperlan","status":"publish","type":"page","link":"http:\/\/www.moucheur.fr\/palm\/mouche\/materiel\/vetements\/caperlan\/gilet-travel-succulent-caperlan\/","title":{"rendered":"Gilet Travel"},"content":{"rendered":"<p><span style=\"font-size: 12pt;\"><strong><span style=\"font-family: verdana, geneva;\">Gilet Travel Succulent CAPERLAN chez d\u00e9cathlon.fr.<\/span><\/strong><\/span><\/p>\n<p style=\"text-align: center;\"><span style=\"font-family: 'arial black', 'avant garde'; font-size: 12pt;\"><em><img decoding=\"async\" style=\"float: right;\" src=\"http:\/\/www.moucheur.fr\/palm\/wp-content\/uploads\/2013\/12\/LOGO_TEST_OK.png\" alt=\"\" width=\"100\" height=\"100\" \/><\/em><\/span><\/p>\n<p style=\"text-align: center;\"><span style=\"font-family: 'arial black', 'avant garde'; font-size: 12pt;\"><em>Retir\u00e9 de la vente en 2013<\/em><\/span><\/p>\n<p><span style=\"font-size: 12pt;\"><strong><span style=\"font-family: verdana,geneva;\"> Description du produit<\/span><\/strong><\/span><br \/>\n<span style=\"font-family: verdana, geneva; font-size: 12pt;\"> R\u00e9f : 8022241<\/span><br \/>\n<span style=\"font-family: verdana, geneva; font-size: 12pt;\"> Taille : unique<\/span><br \/>\n<span style=\"font-family: verdana, geneva; font-size: 12pt;\"> Qte : 1<\/span><br \/>\n<span style=\"font-family: verdana, geneva; font-size: 12pt;\"> Prix : 22\u20ac95.<\/span><\/p>\n<ol>\n<li><span style=\"font-family: verdana, geneva; font-size: 12pt;\"> Multi-compartimentage 5 poches au total pour emmener le strict n\u00e9cessaire au bord de l&#8217;eau.<\/span><\/li>\n<li><span style=\"font-family: verdana, geneva; font-size: 12pt;\"> Facilit\u00e9 d&#8217;utilisation Support de leurres, oeillets d&#8217;accroche pour pinces, ciseaux&#8230;<\/span><\/li>\n<li><span style=\"font-family: verdana, geneva; font-size: 12pt;\">Adaptabilit\u00e9 morphologique L\u00e9ger, \u00e9pauli\u00e8res en n\u00e9opr\u00e8ne. Utilisation sur une chemise ou une parka.<\/span><\/li>\n<\/ol>\n<p><span style=\"font-family: verdana, geneva; font-size: 12pt;\"> Garantie : 2 ans<\/span><\/p>\n<p><span style=\"font-family: verdana, geneva; font-size: 12pt;\"> <a title=\"http:\/\/www.moucheur.fr\/photos\/view.php?filename=672Gilet_Travel_Succulent.jpg\" href=\"http:\/\/www.moucheur.fr\/photos\/view.php?filename=672Gilet_Travel_Succulent.jpg\" target=\"_blank\"><img decoding=\"async\" class=\"aligncenter\" src=\"http:\/\/www.moucheur.fr\/photos\/images\/672Gilet_Travel_Succulent.jpg\" alt=\"www.moucheur.fr\/photos\/images\/672Gilet_Travel_Succulent.jpg\" \/><\/a><\/span><\/p>\n<p><span style=\"font-size: 12pt;\"><em><strong>L\u2019avis de l\u2019\u00e9quipe testeur du site<\/strong><\/em><\/span><br \/>\n<span style=\"font-family: verdana, geneva; font-size: 12pt;\"> Nous avons test\u00e9 ce gilet au mois de juin et juillet, si vous avez la morphologie d&#8217;un All Black il vous ira comme un gant, sinon il faut avoir comme moi une maman couturi\u00e8re. La modif est simple il faut coup\u00e9 au plus court et pourtant je suis pas gringalet.<\/span><\/p>\n<p><span style=\"font-size: 12pt;\"><em> <strong>Conclusion<\/strong><\/em><\/span><br \/>\n<span style=\"font-family: verdana, geneva; font-size: 12pt;\"> Franchement, m\u00eame a 23\u20ac il est encore trop cher, inadapt\u00e9, manque de petite poche au lieu d&#8217;une seul grande. Le seul avantage, la l\u00e9g\u00e8ret\u00e9 pour le reste j&#8217;ai rien trouv\u00e9 de pratique et je vais m&#8217;arr\u00eater d&#8217;en parler sinon j&#8217;enl\u00e8ve encore une \u00e9toile. <\/span><\/p>\n<p><span style=\"font-family: verdana, geneva; font-size: 12pt;\"> Note : <img decoding=\"async\" src=\"http:\/\/www.moucheur.fr\/_images\/doc\/note_2_etoiles.png\" alt=\"www.moucheur.fr\/_images\/doc\/note_2_etoiles.png\" \/><\/span><\/p>\n<p><span style=\"font-family: verdana, geneva; font-size: 12pt;\"> Notre critique n\u2019engage que nous \u00e9videment !!! Donnez votre avis \u2026<\/span><\/p>\n","protected":false},"excerpt":{"rendered":"<p>Gilet Travel Succulent CAPERLAN chez d\u00e9cathlon.fr. Retir\u00e9 de la vente en 2013 Description du produit R\u00e9f : 8022241 Taille :&hellip;<\/p>\n","protected":false},"author":1,"featured_media":0,"parent":2687,"menu_order":1,"comment_status":"open","ping_status":"open","template":"","meta":{"footnotes":""},"categories":[],"tags":[],"class_list":["post-2691","page","type-page","status-publish","hentry"],"_links":{"self":[{"href":"http:\/\/www.moucheur.fr\/palm\/wp-json\/wp\/v2\/pages\/2691","targetHints":{"allow":["GET"]}}],"collection":[{"href":"http:\/\/www.moucheur.fr\/palm\/wp-json\/wp\/v2\/pages"}],"about":[{"href":"http:\/\/www.moucheur.fr\/palm\/wp-json\/wp\/v2\/types\/page"}],"author":[{"embeddable":true,"href":"http:\/\/www.moucheur.fr\/palm\/wp-json\/wp\/v2\/users\/1"}],"replies":[{"embeddable":true,"href":"http:\/\/www.moucheur.fr\/palm\/wp-json\/wp\/v2\/comments?post=2691"}],"version-history":[{"count":0,"href":"http:\/\/www.moucheur.fr\/palm\/wp-json\/wp\/v2\/pages\/2691\/revisions"}],"up":[{"embeddable":true,"href":"http:\/\/www.moucheur.fr\/palm\/wp-json\/wp\/v2\/pages\/2687"}],"wp:attachment":[{"href":"http:\/\/www.moucheur.fr\/palm\/wp-json\/wp\/v2\/media?parent=2691"}],"wp:term":[{"taxonomy":"category","embeddable":true,"href":"http:\/\/www.moucheur.fr\/palm\/wp-json\/wp\/v2\/categories?post=2691"},{"taxonomy":"post_tag","embeddable":true,"href":"http:\/\/www.moucheur.fr\/palm\/wp-json\/wp\/v2\/tags?post=2691"}],"curies":[{"name":"wp","href":"https:\/\/api.w.org\/{rel}","templated":true}]}}