{"id":5077,"date":"2015-08-18T10:21:40","date_gmt":"2015-08-18T08:21:40","guid":{"rendered":"http:\/\/www.moucheur.fr\/palm\/?page_id=5077"},"modified":"2021-04-22T12:56:08","modified_gmt":"2021-04-22T10:56:08","slug":"premiere-canne","status":"publish","type":"page","link":"http:\/\/www.moucheur.fr\/palm\/moucheur\/debutants\/premiere-canne\/","title":{"rendered":"PREMI\u00c8RE CANNE"},"content":{"rendered":"<p style=\"text-align: justify;\">\n<p style=\"text-align: justify;\"><span style=\"font-family: verdana,geneva,sans-serif; font-size: 10pt;\"><strong>COMMENT FAIRE POUR CHOISIR SA PREMI\u00c8RE CANNE A MOUCHE QUAND ON EST D\u00c9BUTANT.<br \/>\n<\/strong><\/span><\/p>\n<blockquote>\n<p style=\"text-align: justify;\"><span style=\"font-family: verdana,geneva,sans-serif; font-size: 10pt;\">Une canne \u00e0 mouche se compose de 3 facteurs essentiels :<\/span><\/p>\n<p style=\"text-align: justify;\"><span style=\"font-family: verdana,geneva,sans-serif; font-size: 10pt;\">La longueur, la puissance et l&#8217;action qui va donner \u00e0 votre canne un rendu plus ou moins facile \u00e0 p\u00eacher suivant votre niveau et vos sensations. Il faut prendre en compte bien \u00e9videment les conditions de p\u00eache comme le vent par exemple. Je vais essayer de vous expliquer le plus simplement possible les facteurs importants pour faire le bon choix<\/span><\/p>\n<p><span style=\"font-size: 10pt; font-family: verdana,geneva,sans-serif;\"><strong>L\u00e9gende des symboles utilis\u00e9s dans l&#8217;article<\/strong> <\/span><\/p>\n<ul>\n<li><span style=\"font-size: 10pt; font-family: verdana, geneva, sans-serif;\">&#8221; = Pied\u00a0<\/span><\/li>\n<li><span style=\"font-size: 10pt; font-family: verdana, geneva, sans-serif;\"># = num\u00e9ro de la soie (#3 ou\u00a0soie de 3)<\/span><\/li>\n<\/ul>\n<p><span style=\"font-size: 10pt; font-family: verdana,geneva,sans-serif;\">\u00a0<\/span><\/p><\/blockquote>\n<p style=\"text-align: justify;\"><span style=\"font-family: verdana,geneva,sans-serif; font-size: 10pt;\"><strong>La longueur de la canne<\/strong><\/span><\/p>\n<blockquote>\n<p style=\"text-align: justify;\"><span style=\"font-family: verdana,geneva,sans-serif; font-size: 10pt;\">La longueur d\u2019une canne \u00e0 mouche s\u2019exprime toujours en pieds et en pouces.<\/span><br \/>\n<span style=\"font-family: verdana,geneva,sans-serif; font-size: 10pt;\"> 1 pied = 30,48 cm et 1 pouce = 2,54 cm. <\/span><span style=\"font-family: verdana,geneva,sans-serif; font-size: 10pt;\">(1 pied = 12 pouces)<\/span><br \/>\n<span style=\"font-family: verdana,geneva,sans-serif; font-size: 10pt;\"> Exemple une canne de 9 pieds (9&#8243;) mesure 2,74 m et une canne de 6 pieds 6 pouces ou (6&#8243;6) mesure 1,98 m.<\/span><\/p>\n<p style=\"text-align: justify;\"><span style=\"font-family: verdana,geneva,sans-serif; font-size: 10pt;\">Ci dessous un petit tableau r\u00e9capitulatif<\/span><\/p>\n<table style=\"height: 62px; border-color: #000000; background-color: #ebebeb;\" border=\"0\" width=\"657\">\n<tbody>\n<tr>\n<td style=\"text-align: center;\"><span style=\"font-family: verdana,geneva,sans-serif; font-size: 10pt;\">Pied<\/span><\/td>\n<td style=\"text-align: center;\"><span style=\"font-family: verdana,geneva,sans-serif; font-size: 10pt;\">6&#8243;<\/span><\/td>\n<td style=\"text-align: center;\"><span style=\"font-family: verdana,geneva,sans-serif; font-size: 10pt;\">6&#8243;6<\/span><\/td>\n<td style=\"text-align: center;\"><span style=\"font-family: verdana,geneva,sans-serif; font-size: 10pt;\">6&#8243;9<\/span><\/td>\n<td style=\"text-align: center;\"><span style=\"font-family: verdana,geneva,sans-serif; font-size: 10pt;\">7&#8243;<\/span><\/td>\n<td style=\"text-align: center;\"><span style=\"font-family: verdana,geneva,sans-serif; font-size: 10pt;\">7&#8243;6<\/span><\/td>\n<td style=\"text-align: center;\"><span style=\"font-family: verdana,geneva,sans-serif; font-size: 10pt;\">7&#8243;9<\/span><\/td>\n<td style=\"text-align: center;\"><span style=\"font-family: verdana,geneva,sans-serif; font-size: 10pt;\">8&#8243;<\/span><\/td>\n<td style=\"text-align: center;\"><span style=\"font-family: verdana,geneva,sans-serif; font-size: 10pt;\">8&#8243;6<\/span><\/td>\n<td style=\"text-align: center;\"><span style=\"font-family: verdana,geneva,sans-serif; font-size: 10pt;\">9&#8243;<\/span><\/td>\n<td style=\"text-align: center;\"><span style=\"font-family: verdana,geneva,sans-serif; font-size: 10pt;\">9&#8243;6<\/span><\/td>\n<td style=\"text-align: center;\"><span style=\"font-family: verdana,geneva,sans-serif; font-size: 10pt;\">10&#8243;<\/span><\/td>\n<td style=\"text-align: center;\"><span style=\"font-family: verdana,geneva,sans-serif; font-size: 10pt;\">10&#8243;6<\/span><\/td>\n<td style=\"text-align: center;\"><span style=\"font-family: verdana,geneva,sans-serif; font-size: 10pt;\">11&#8243;<\/span><\/td>\n<td style=\"text-align: center;\"><span style=\"font-family: verdana,geneva,sans-serif; font-size: 10pt;\">11&#8243;6<\/span><\/td>\n<td style=\"text-align: center;\"><span style=\"font-family: verdana,geneva,sans-serif; font-size: 10pt;\">12&#8243;<\/span><\/td>\n<\/tr>\n<tr>\n<td style=\"text-align: center;\"><span style=\"font-family: verdana,geneva,sans-serif; font-size: 10pt;\">M\u00e8tre<\/span><\/td>\n<td style=\"text-align: center;\"><span style=\"font-family: verdana,geneva,sans-serif; font-size: 10pt;\">1,83<\/span><\/td>\n<td style=\"text-align: center;\"><span style=\"font-family: verdana,geneva,sans-serif; font-size: 10pt;\">1,98<\/span><\/td>\n<td style=\"text-align: center;\"><span style=\"font-family: verdana,geneva,sans-serif; font-size: 10pt;\">2,05<\/span><\/td>\n<td style=\"text-align: center;\"><span style=\"font-family: verdana,geneva,sans-serif; font-size: 10pt;\">2,05<\/span><\/td>\n<td style=\"text-align: center;\"><span style=\"font-family: verdana,geneva,sans-serif; font-size: 10pt;\">2,13<\/span><\/td>\n<td style=\"text-align: center;\"><span style=\"font-family: verdana,geneva,sans-serif; font-size: 10pt;\">2,36<\/span><\/td>\n<td style=\"text-align: center;\"><span style=\"font-family: verdana,geneva,sans-serif; font-size: 10pt;\">2,43<\/span><\/td>\n<td style=\"text-align: center;\"><span style=\"font-family: verdana,geneva,sans-serif; font-size: 10pt;\">2,59<\/span><\/td>\n<td style=\"text-align: center;\"><span style=\"font-family: verdana,geneva,sans-serif; font-size: 10pt;\">2,74<\/span><\/td>\n<td style=\"text-align: center;\"><span style=\"font-family: verdana,geneva,sans-serif; font-size: 10pt;\">2,89<\/span><\/td>\n<td style=\"text-align: center;\"><span style=\"font-family: verdana,geneva,sans-serif; font-size: 10pt;\">3,04<\/span><\/td>\n<td style=\"text-align: center;\"><span style=\"font-family: verdana,geneva,sans-serif; font-size: 10pt;\">3,20<\/span><\/td>\n<td style=\"text-align: center;\"><span style=\"font-family: verdana,geneva,sans-serif; font-size: 10pt;\">3,35<\/span><\/td>\n<td style=\"text-align: center;\"><span style=\"font-family: verdana,geneva,sans-serif; font-size: 10pt;\">3,50<\/span><\/td>\n<td style=\"text-align: center;\"><span style=\"font-family: verdana,geneva,sans-serif; font-size: 10pt;\">3,65<\/span><\/td>\n<\/tr>\n<\/tbody>\n<\/table>\n<\/blockquote>\n<p style=\"text-align: justify;\"><strong><span style=\"font-family: verdana,geneva,sans-serif; font-size: 10pt;\">G\u00e9n\u00e9ralement on consid\u00e8re que :<\/span><\/strong><\/p>\n<blockquote>\n<p style=\"text-align: justify;\"><span style=\"font-family: verdana,geneva,sans-serif; font-size: 10pt;\">&#8211; Les cannes courtes : de 6&#8243; \u00e0 8\u2019\u2019 sont utilis\u00e9es pour p\u00eacher dans les petites rivi\u00e8res mais surtout encombr\u00e9es par une v\u00e9g\u00e9tation dense.<\/span><\/p>\n<p style=\"text-align: justify;\"><span style=\"font-family: verdana,geneva,sans-serif; font-size: 10pt;\">&#8211; Les cannes standard : de 8&#8243; \u00e0 9&#8243;6 seront les cannes plus polyvalentes permettant de faire face au plus grand nombre de situations rencontr\u00e9es.<\/span><\/p>\n<p style=\"text-align: justify;\"><span style=\"font-family: verdana,geneva,sans-serif; font-size: 10pt;\">&#8211; Canne longue : 9&#8243;6 et plus sera utilis\u00e9e pour les grandes rivi\u00e8res ou le r\u00e9servoir.<br \/>\n<\/span><\/p>\n<p style=\"text-align: justify;\"><span style=\"font-family: verdana,geneva,sans-serif; font-size: 10pt;\">Alors bien \u00e9videment, cela d\u00e9pend de plusieurs facteurs l\u00e0 encore, habitude de p\u00eache, niveau technique du p\u00eacheur etc&#8230;<\/span><\/p>\n<p style=\"text-align: justify;\"><span style=\"font-family: verdana, geneva, sans-serif;\"><span style=\"font-size: 10pt;\">Un exemple : Pour moi la meilleur taille de canne pour la p\u00eache en nymphe est la 11&#8243; soie de #3 et pas forcement pour p\u00eacher le saumon <\/span><\/span><em><span style=\"font-family: verdana, geneva, sans-serif;\"><span style=\"font-size: 10pt;\">(je ne vous le conseille pas du moins ou vous risquez\u00a0<\/span><span style=\"font-size: 13.3333330154419px; line-height: 18.1818180084229px;\">d\u2019ab\u00eemer<\/span><span style=\"font-size: 10pt;\">\u00a0votre canne)<\/span><\/span><\/em><span style=\"font-family: verdana, geneva, sans-serif;\"><span style=\"font-size: 10pt;\">\u00a0ou dans les lacs, mais dans des rivi\u00e8res moyennes voir petites elles peuvent \u00eatre utilis\u00e9es, seul la technique de p\u00eache changera l\u00e9g\u00e8rement.<\/span><\/span><\/p>\n<\/blockquote>\n<p style=\"text-align: justify;\"><strong><span style=\"font-size: 10pt; font-family: verdana,geneva,sans-serif;\">Qu\u2019est ce que la puissance<\/span><\/strong><\/p>\n<blockquote>\n<p style=\"text-align: justify;\"><span style=\"font-size: 10pt; font-family: verdana,geneva,sans-serif;\">La puissance d&#8217;une canne \u00e0 mouche est en ad\u00e9quation avec le poids de la soie. Il faut que la canne soit capable de propulser la soie, sachant que le poids de la soie augmente en fonction du nombre de m\u00e8tre sortie et qui charge la canne.\u00a0 Il y a en vente sur le march\u00e9 des soies du num\u00e9ro 3 jusqu&#8217;au num\u00e9ro 12 (#3 \u00e0 #12). La puissance des cannes \u00e0 mouche est donc exprim\u00e9e en rapport avec ces soies.<\/span><\/p>\n<\/blockquote>\n<p style=\"text-align: justify;\"><strong><span style=\"font-size: 10pt; font-family: verdana,geneva,sans-serif;\">G\u00e9n\u00e9ralement on consid\u00e8re que :<\/span><\/strong><\/p>\n<blockquote>\n<p style=\"text-align: justify;\"><span style=\"font-size: 10pt; font-family: verdana,geneva,sans-serif;\">&#8211; Une canne de puissance faible est utilis\u00e9e pour les p\u00eaches \u00e0 courtes distances et\u00a0discr\u00e8te.<\/span><\/p>\n<p style=\"text-align: justify;\"><span style=\"font-size: 10pt; font-family: verdana,geneva,sans-serif;\">&#8211; Les cannes de puissance #4 et #5 seront les cannes plus polyvalentes permettant de faire face au plus grand nombre de situations rencontr\u00e9es.<\/span><\/p>\n<p style=\"text-align: justify;\"><span style=\"font-size: 10pt; font-family: verdana,geneva,sans-serif;\">&#8211; Les cannes de puissances #6 et sup\u00e9rieures seront destin\u00e9es \u00e0 des utilisations sp\u00e9cifiques r\u00e9clamant de la puissance pour lancer loin et\u00a0 (grandes rivi\u00e8res, r\u00e9servoir, carnassiers, mer\u2026)<\/span><\/p>\n<p style=\"text-align: justify;\"><span style=\"font-size: 10pt; font-family: verdana,geneva,sans-serif;\">Il est toujours possible de surcharger ou &#8221; sous charger &#8221; une canne \u00e0 mouche en utilisant une soie un peu sup\u00e9rieure ou inf\u00e9rieure au num\u00e9ro pr\u00e9conis\u00e9 par le fabricant. Cela aura cependant pour effet :<\/span><br \/>\n<span style=\"font-size: 10pt; font-family: verdana,geneva,sans-serif;\"> &#8211; dans le cas d\u2019un chargement trop important de provoquer des lancers plus fatiguant pour le p\u00eacheur et un risque d\u2019affaiblir \u00e0 la longue le &#8221; nerf &#8221; de la canne.<\/span><br \/>\n<span style=\"font-size: 10pt; font-family: verdana,geneva,sans-serif;\"> &#8211; Dans le cas contraire l\u2019utilisation d\u2019une soie trop l\u00e9g\u00e8re rendra le lancer \u00e0 une distance correcte beaucoup plus difficile et provoquera une trop grande sensibilit\u00e9 au vent.<\/span><\/p>\n<\/blockquote>\n<p style=\"text-align: justify;\"><strong><span style=\"font-size: 10pt; font-family: verdana,geneva,sans-serif;\">Action canne mouche<\/span><\/strong><\/p>\n<blockquote>\n<p style=\"text-align: justify;\"><span style=\"font-family: verdana,geneva,sans-serif; font-size: 10pt;\">3 types d\u2019actions principales caract\u00e9risent les cannes pour la p\u00eache \u00e0 la mouche. Parabolique, semi parabolique (ou semi-rapide) et l\u2019action de pointe.<\/span><\/p>\n<p style=\"text-align: justify;\"><span style=\"font-family: verdana,geneva,sans-serif; font-size: 10pt;\">L\u2019action parabolique (canne molle) est celle d\u2019une canne qui travaille et se courbe sur toute sa longueur. Elle est r\u00e9put\u00e9e pour permettre offrir des lancers moins fatigants. L\u2019action parabolique se pr\u00eate en outre parfaitement \u00e0 la pratique de p\u00eache \u00e0 la mouche noy\u00e9e.<\/span><\/p>\n<p style=\"text-align: justify;\"><span style=\"font-family: verdana,geneva,sans-serif; font-size: 10pt;\">L\u2019action semi parabolique ou semi rapide est celle d\u2019une canne qui se courbe et travaille sur la moiti\u00e9 de sa longueur. C\u2019est l\u2019action la plus la plus polyvalente et aujourd\u2019hui la plus r\u00e9pandue. Elle permet de faire face \u00e0 de tr\u00e8s nombreuses situations de p\u00eache avec un bon compromis entre la discr\u00e9tion des pos\u00e9s et la distance atteinte.<\/span><\/p>\n<p style=\"text-align: justify;\"><span style=\"font-family: verdana,geneva,sans-serif; font-size: 10pt;\">L\u2019action de pointe (ou action rapide, ultra rapide etc\u2026) est celle d\u2019une canne dont seule la pointe travaille lors du lancer. Elle sera la pr\u00e9f\u00e9r\u00e9e des p\u00eacheurs \u00e0 la mouche pour lesquels une grande distance de lancer est n\u00e9cessaire, en r\u00e9servoir par exemple. Elle permet aussi des lancers pr\u00e9cis \u00e0 grande distance et de propulser des nymphes avec pr\u00e9cision. La canne est dite &#8221; dure &#8221; et n\u00e9cessite une tr\u00e8s bonne pratique du lancer.<\/span><\/p>\n<p style=\"text-align: justify;\"><a href=\"http:\/\/www.moucheur.fr\/palm\/wp-content\/uploads\/2015\/08\/action-cannes.jpg\"><img decoding=\"async\" class=\"wp-image-5198 alignleft\" src=\"http:\/\/www.moucheur.fr\/palm\/wp-content\/uploads\/2015\/08\/action-cannes.jpg\" alt=\"action-cannes\" width=\"832\" height=\"324\" srcset=\"http:\/\/www.moucheur.fr\/palm\/wp-content\/uploads\/2015\/08\/action-cannes.jpg 850w, http:\/\/www.moucheur.fr\/palm\/wp-content\/uploads\/2015\/08\/action-cannes-300x117.jpg 300w\" sizes=\"(max-width: 832px) 100vw, 832px\" \/><\/a><\/p>\n<\/blockquote>\n<p style=\"text-align: justify;\"><strong><span style=\"font-family: verdana,geneva,sans-serif; font-size: 10pt;\">Choix du nombre de brins 2, 3, 4 ou plus ?<\/span><\/strong><\/p>\n<blockquote>\n<p style=\"text-align: justify;\"><span style=\"font-family: verdana,geneva,sans-serif; font-size: 10pt;\">De tradition, les cannes \u00e0 mouches \u00e9taient des cannes en 2 brins. Ce &#8221; mod\u00e8le &#8221; est heureusement de moins en moins\u00a0\u00a0r\u00e9pandu\u00a0aujourd\u2019hui. Par contre depuis 10 ans les marques ont d\u00e9velopp\u00e9 le c\u00f4t\u00e9 pratique et l&#8217;encombrement des cannes sans oublier une \u00e9volution certaine du confort de p\u00eache. Vous trouverez sur le march\u00e9 des cannes qui une fois rang\u00e9es repr\u00e9sentent un\u00a0encombrement minimum\u00a0pour rentrer facilement dans un coffre de voiture. C\u2019est certainement plus difficile avec\u00a0une canne en 2 brins 9 pieds. <\/span><span style=\"font-family: verdana,geneva,sans-serif; font-size: 10pt;\">Les technologies de fabrication et mat\u00e9riaux utilis\u00e9es ont favoris\u00e9\u00a0le d\u00e9veloppement de mod\u00e8le\u00a0de canne en 3, 4, 5,\u00a06 et 7 brins qui allie\u00a0performances et\u00a0encombrement minimal. Je pense \u00e0 une 7 brins id\u00e9ale pour partir en vacances, quand vous prenez l&#8217;avion. Le choix se\u00a0limite au besoin de chacun et en\u00a0fonction du go\u00fbt personnel du p\u00eacheur, du nombre d&#8217;utilisation,\u00a0de la longueur, des d\u00e9placements, du\u00a0budget et de confort de p\u00eache.<\/span><\/p>\n<p style=\"text-align: justify;\">\n<\/blockquote>\n<p style=\"text-align: justify;\"><strong><span style=\"font-family: verdana,geneva,sans-serif; font-size: 10pt;\">Budget canne mouche<\/span><\/strong><\/p>\n<blockquote>\n<p style=\"text-align: justify;\"><span style=\"font-family: verdana,geneva,sans-serif; font-size: 10pt;\">Sur le march\u00e9 \u00a0de la cannes \u00e0 mouches les prix sont variables de 40 \u00e0 1 500 euros (certaine de luxe, dont des prototypes jusqu\u2019\u00e0 15000\u20ac, je pense \u00e0\u00a0<em><strong><a id=\"js_5\" class=\" UFICommentActorName\" dir=\"ltr\" href=\"https:\/\/www.facebook.com\/hcharpenel.salmonidesevenements?fref=ufi\" target=\"_blank\" rel=\"noopener\" data-ft=\"{&quot;tn&quot;:&quot;;&quot;}\" data-hovercard=\"\/ajax\/hovercard\/hovercard.php?id=100007900087932&amp;extragetparams=%7B%22hc_location%22%3A%22ufi%22%7D\" data-reactid=\".18.1:4:1:$comment450239371802256_450242635135263:0.0.$right.0.$left.0.0.0.0\"><span data-reactid=\".18.1:4:1:$comment450239371802256_450242635135263:0.0.$right.0.$left.0.0.0.0.0\">Herv\u00e9 Charpenel<\/span><\/a><\/strong><\/em>\u00a0pour sa derni\u00e8re cr\u00e9ation la canne &#8220;Quintessence&#8221;). Ces cannes poss\u00e8dent bien entendu un rapport\u00a0qualit\u00e9s prix, mais chacun \u00e0 la possibilit\u00e9 de trouver ce qui lui convient. Il n&#8217;est pas obligatoire d&#8217;acheter une\u00a0canne de 400 euros pour prendre du poisson et heureusement. Derni\u00e8rement j&#8217;ai d\u00e9couvert une canne extraordinaire et \u00e0 moins de 180 euros. La canne est un facteur de p\u00eache certes, mais le facteur primordial reste la technique du p\u00eacheur et son savoir faire.\u00a0<\/span><span style=\"font-family: verdana,geneva,sans-serif; font-size: 10pt;\">La p\u00eache \u00e0 la mouche \u00e9tant une r\u00e9el\u00a0passion et donc\u00a0le duo &#8220;canne moulinet&#8221; reste pour le moucheur la terminaison de son bras auquel il attache une relation bien personnelle et sensible.\u00a0L&#8217;important c&#8217;est le ressenti, n\u2019h\u00e9sitez pas \u00e0 essayer des cannes dans les salons, expos et certains magasins qui ont la bonne id\u00e9e d&#8217;avoir un endroit pr\u00e9vu pratiquer des\u00a0essais. Apr\u00e8s vient forc\u00e9ment le prix mais ne vous y trompez pas &#8230; ce n&#8217;est pas le prix qui fait la canne ! Pour\u00a0l<\/span><span style=\"font-family: verdana,geneva,sans-serif; font-size: 10pt;\">e moucheur d\u00e9butant inutile de se lancer dans des cannes hors de prix. Progressant chaque ann\u00e9e et l&#8217;exp\u00e9rience grandissante il aura le temps de se faire une id\u00e9e du type de canne qui lui convient. N&#8217;oubliez pas de prendre les\u00a0bons conseils d&#8217;autres moucheurs exp\u00e9riment\u00e9s. Il changera plusieurs fois de canne pendant les premi\u00e8res ann\u00e9es de pratique et\u00a0puis un jour, il va d\u00e9couvrir &#8220;sa canne&#8221; ou &#8220;son Graal&#8221;.<\/span><br \/>\n<span style=\"font-family: verdana,geneva,sans-serif; font-size: 10pt;\">Pour le moucheur confirm\u00e9 et passionn\u00e9 il se fera un plaisir\u00a0de disposer de\u00a0plusieurs mod\u00e8les de cannes \u00e0 mouche, de longueurs et puissances diff\u00e9rentes pour\u00a0toujours et\u00a0quelque soit la situation \u00eatre op\u00e9rationnel.\u00a0<\/span><\/p>\n<p style=\"text-align: justify;\">\n<\/blockquote>\n<p style=\"text-align: justify;\"><strong><span style=\"font-family: verdana,geneva,sans-serif; font-size: 10pt;\">Notre avis pour les d\u00e9butants<\/span><\/strong><\/p>\n<blockquote>\n<p style=\"text-align: justify;\"><span style=\"font-family: verdana,geneva,sans-serif; font-size: 10pt;\">Le p\u00eacheur \u00e0 la mouche d\u00e9butant trouvera un excellent compromis avec une canne de 8\u20196 ou 9 pieds de puissance #4 ou #5 semi rapide (semi parabolique) pour la p\u00eache en s\u00e8che et de 9,6 \u00e0 10,6 de #3 \u00e0 #5 action rapide (action de pointe) pour la p\u00eache en nymphe. Ces types de cannes lui permettra de bien ressentir le travail de la canne lors des lancers avec plus de facilit\u00e9 et sur un maximum de terrain diff\u00e9rent.<\/span><\/p>\n<\/blockquote>\n","protected":false},"excerpt":{"rendered":"<p>COMMENT FAIRE POUR CHOISIR SA PREMI\u00c8RE CANNE A MOUCHE QUAND ON EST D\u00c9BUTANT. Une canne \u00e0 mouche se compose de&hellip;<\/p>\n","protected":false},"author":1,"featured_media":0,"parent":5187,"menu_order":1,"comment_status":"open","ping_status":"open","template":"","meta":{"footnotes":""},"categories":[],"tags":[],"class_list":["post-5077","page","type-page","status-publish","hentry"],"_links":{"self":[{"href":"http:\/\/www.moucheur.fr\/palm\/wp-json\/wp\/v2\/pages\/5077","targetHints":{"allow":["GET"]}}],"collection":[{"href":"http:\/\/www.moucheur.fr\/palm\/wp-json\/wp\/v2\/pages"}],"about":[{"href":"http:\/\/www.moucheur.fr\/palm\/wp-json\/wp\/v2\/types\/page"}],"author":[{"embeddable":true,"href":"http:\/\/www.moucheur.fr\/palm\/wp-json\/wp\/v2\/users\/1"}],"replies":[{"embeddable":true,"href":"http:\/\/www.moucheur.fr\/palm\/wp-json\/wp\/v2\/comments?post=5077"}],"version-history":[{"count":0,"href":"http:\/\/www.moucheur.fr\/palm\/wp-json\/wp\/v2\/pages\/5077\/revisions"}],"up":[{"embeddable":true,"href":"http:\/\/www.moucheur.fr\/palm\/wp-json\/wp\/v2\/pages\/5187"}],"wp:attachment":[{"href":"http:\/\/www.moucheur.fr\/palm\/wp-json\/wp\/v2\/media?parent=5077"}],"wp:term":[{"taxonomy":"category","embeddable":true,"href":"http:\/\/www.moucheur.fr\/palm\/wp-json\/wp\/v2\/categories?post=5077"},{"taxonomy":"post_tag","embeddable":true,"href":"http:\/\/www.moucheur.fr\/palm\/wp-json\/wp\/v2\/tags?post=5077"}],"curies":[{"name":"wp","href":"https:\/\/api.w.org\/{rel}","templated":true}]}}