{"id":1977,"date":"2013-12-09T09:24:26","date_gmt":"2013-12-09T08:24:26","guid":{"rendered":"http:\/\/www.moucheur.fr\/palm\/?page_id=1977"},"modified":"2013-12-09T09:38:23","modified_gmt":"2013-12-09T08:38:23","slug":"vaucluse","status":"publish","type":"page","link":"https:\/\/www.moucheur.fr\/palm\/moucheur\/vaucluse\/","title":{"rendered":"Vaucluse"},"content":{"rendered":"<p>Vous aussi donnez vos points de d\u00e9part de vos parcours priv\u00e9s pr\u00e9f\u00e9r\u00e9s en envoyant les coordonn\u00e9s\u00a0GPS avec les d\u00e9tails de ce dernier.\u00a0<em><a title=\"Envoyez vos parcours\" href=\"http:\/\/www.moucheur.fr\/palm\/contact\/\" target=\"_blank\">Envoyez vos parcours<\/a><\/em><\/p>\n","protected":false},"excerpt":{"rendered":"<p>Vous aussi donnez vos points de d\u00e9part de vos parcours priv\u00e9s pr\u00e9f\u00e9r\u00e9s en envoyant les coordonn\u00e9s\u00a0GPS avec les d\u00e9tails de&hellip;<\/p>\n","protected":false},"author":1,"featured_media":0,"parent":3215,"menu_order":3,"comment_status":"closed","ping_status":"open","template":"","meta":{"footnotes":""},"categories":[],"tags":[],"class_list":["post-1977","page","type-page","status-publish","hentry"],"_links":{"self":[{"href":"https:\/\/www.moucheur.fr\/palm\/wp-json\/wp\/v2\/pages\/1977","targetHints":{"allow":["GET"]}}],"collection":[{"href":"https:\/\/www.moucheur.fr\/palm\/wp-json\/wp\/v2\/pages"}],"about":[{"href":"https:\/\/www.moucheur.fr\/palm\/wp-json\/wp\/v2\/types\/page"}],"author":[{"embeddable":true,"href":"https:\/\/www.moucheur.fr\/palm\/wp-json\/wp\/v2\/users\/1"}],"replies":[{"embeddable":true,"href":"https:\/\/www.moucheur.fr\/palm\/wp-json\/wp\/v2\/comments?post=1977"}],"version-history":[{"count":0,"href":"https:\/\/www.moucheur.fr\/palm\/wp-json\/wp\/v2\/pages\/1977\/revisions"}],"up":[{"embeddable":true,"href":"https:\/\/www.moucheur.fr\/palm\/wp-json\/wp\/v2\/pages\/3215"}],"wp:attachment":[{"href":"https:\/\/www.moucheur.fr\/palm\/wp-json\/wp\/v2\/media?parent=1977"}],"wp:term":[{"taxonomy":"category","embeddable":true,"href":"https:\/\/www.moucheur.fr\/palm\/wp-json\/wp\/v2\/categories?post=1977"},{"taxonomy":"post_tag","embeddable":true,"href":"https:\/\/www.moucheur.fr\/palm\/wp-json\/wp\/v2\/tags?post=1977"}],"curies":[{"name":"wp","href":"https:\/\/api.w.org\/{rel}","templated":true}]}}