{"id":2743,"date":"2015-05-19T14:58:46","date_gmt":"2015-05-19T12:58:46","guid":{"rendered":"http:\/\/www.moucheur.fr\/palm\/?page_id=2743"},"modified":"2016-09-08T16:27:54","modified_gmt":"2016-09-08T14:27:54","slug":"no-kill-sur-le-verdon","status":"publish","type":"page","link":"https:\/\/www.moucheur.fr\/palm\/moucheur\/alpes-de-haute-provence\/no-kill-sur-le-verdon\/","title":{"rendered":"Le Verdon"},"content":{"rendered":"<div style=\"text-align: justify;\" align=\"left\">\n<blockquote><p><span style=\"font-size: 10pt;\"><strong><span style=\"font-family: verdana,geneva,sans-serif;\">Parcours no kill sur la Verdon\u00a0 Gr\u00e9oux les Bains<\/span><\/strong><\/span><\/p>\n<p><span style=\"font-family: verdana, geneva, sans-serif; font-size: 10pt;\"><strong>GESTION :<\/strong>\u00a0<strong><a title=\"AAPPMA SAINT MARTIN DE BROMES &quot;LA GAULE SAINT MARTINOISE\" href=\"http:\/\/www.federationpeche.fr\/04\/associations.php?association=2971\"><em>AAPPMA SAINT MARTIN DE BROMES &#8220;LA GAULE SAINT MARTINOISE<\/em><\/a><\/strong><\/span><\/p>\n<p><span style=\"font-family: verdana, geneva, sans-serif; font-size: 10pt;\"><strong>VOIR L&#8217;ARTICLE : <em><a href=\"http:\/\/www.moucheur.fr\/palm\/sejour-sur-le-verdon\/\" target=\"_blank\">Notre s\u00e9jour sur le Verdon<\/a><\/em><\/strong><\/span><\/p>\n<p><span style=\"font-size: 10pt;\"><strong><span style=\"font-family: verdana,geneva,sans-serif;\">DESCRIPTIF DE LA RIVIERE :<\/span><\/strong><\/span><\/p><\/blockquote>\n<blockquote>\n<ul>\n<li><span style=\"font-family: verdana, geneva, sans-serif; font-size: 10pt;\">Tr\u00e8s belle rivi\u00e8re qui varie entre courant et replat, avec beaucoup d\u2019espace pour p\u00eacher \u00e0 la mouche.<\/span><\/li>\n<li><span style=\"font-family: verdana, geneva, sans-serif; font-size: 10pt;\">Rivi\u00e8re de 1er cat\u00e9gorie.<\/span><\/li>\n<\/ul>\n<p><span style=\"font-size: 10pt;\"><strong><span style=\"font-family: verdana,geneva,sans-serif;\">MATERIELS :<\/span><\/strong><\/span><\/p>\n<ul>\n<li><span style=\"font-family: verdana, geneva, sans-serif; font-size: 10pt;\">Sur le parcours de 2,2 km, une canne 9\u2032 soie de 3 \u00e0 7<br \/>\n<\/span><\/li>\n<\/ul>\n<p><span style=\"font-size: 10pt;\"><strong><span style=\"font-family: verdana,geneva,sans-serif;\">TECHNIQUE POSSIBLE :<\/span><\/strong><\/span><\/p><\/blockquote>\n<blockquote>\n<ul>\n<li><span style=\"font-family: verdana, geneva, sans-serif; font-size: 10pt;\">Nymphe, S\u00e8che, Streamer.<\/span><\/li>\n<\/ul>\n<p><span style=\"font-size: 10pt;\"><strong><span style=\"font-family: verdana,geneva,sans-serif;\">POISSONS :<\/span><\/strong><\/span><\/p>\n<ul>\n<li><span style=\"font-family: verdana, geneva, sans-serif; font-size: 10pt;\">Truite fario, truite arc en ciel, Chevesne.<\/span><\/li>\n<\/ul>\n<p><span style=\"font-size: 10pt;\"><strong><span style=\"font-family: verdana,geneva,sans-serif;\">D\u00e9part avec parking voiture sur le parcours :<\/span><\/strong><\/span><\/p><\/blockquote>\n<\/div>\n<blockquote>\n<p style=\"text-align: justify;\"><span style=\"font-family: verdana, geneva, sans-serif; font-size: 10pt;\">Bravo a l\u2019AAPPMA Saint Martin de Bromes \u00ab\u00a0La Gaule Saint Martinoise\u00a0\u00bb pour la qualit\u00e9 irr\u00e9prochable du Verdon et de la quantit\u00e9 de salmonid\u00e9 pr\u00e9sent dans ce dernier.<\/span><\/p>\n<p style=\"text-align: justify;\"><span style=\"font-family: verdana, geneva, sans-serif; font-size: 10pt;\"><em><strong>Information sur le No kill :<\/strong>\u00a0No-kill sur le Verdon,\u00a0limite amont du barrage d\u2019Esparron et la limite aval du parcours de sant\u00e9 de Gr\u00e9oux.\u00a0Il fait environs 2000 m\u00e8tres.\u00a0La densit\u00e9 du poisson est al\u00e9atoire par secteur pour les truites et poissons blancs, le niveau d\u2019eau change souvent suivant les p\u00e9riodes.\u00a0Mais il reste un tr\u00e8s bon parcours\u00a0pour nous p\u00eacheurs no-kill.\u00a0Les truites sont pr\u00e9sentes tout le long du parcours. Parfois on a la chance de faire une belle truite !!!<br \/>\n<\/em><\/span><\/p>\n<p style=\"text-align: justify;\"><span style=\"font-family: verdana, geneva, sans-serif; font-size: 10pt;\"><em>Petit truc :\u00a0La ou il y a du poissons blancs de petite taille (Chevesne,\u00a0Gardon)\u00a0il y a pas de grosses truites dans le secteur, par contre si vous ne sortez pas de petit\u2026faite tr\u00e8s attention\u2026une grosse m\u00e8m\u00e8re rode\u2026\u00a0<\/em><\/span><\/p>\n<\/blockquote>\n<p style=\"text-align: justify;\"><span style=\"font-size: 10pt;\"><style type=\"text\/css\">.foogallery-album-gallery-list .foogallery-pile h3 { background: #fff !important; }.foogallery-album-gallery-list .foogallery-pile h3 { color: #000000 !important; }<\/style><div id=\"foogallery-album-6337\">\n\t<ul class=\"foogallery-album-gallery-list alignment-left\">\n\t\t\t\t\t\t<li>\n\t\t\t\t\t<div class=\"foogallery-pile\">\n\t\t\t\t\t\t<div class=\"foogallery-pile-inner\">\n\t\t\t\t\t\t\t<a href=\"https:\/\/www.moucheur.fr\/palm\/moucheur\/alpes-de-haute-provence\/no-kill-sur-le-verdon\/galerie\/no-kill-sur-le-verdon-greoux-les-bains\" target=\"_self\">\n\t\t\t\t\t\t\t\t<img decoding=\"async\" src=\"https:\/\/www.moucheur.fr\/palm\/wp-content\/uploads\/cache\/2014\/12\/20140523_162731bis-e1425142775186\/2049917628.jpg\" width=\"150\" height=\"150\" class=\"skip-lazy fg-image\" data-no-lazy=\"1\" loading=\"eager\">\t\t\t\t\t\t\t\t\t\t\t\t\t\t\t\t<h3>No-kill sur le Verdon Gr\u00e9oux les Bains\t\t\t\t\t\t\t\t\t<span>10 images<\/span>\n\t\t\t\t\t\t\t\t<\/h3>\n\t\t\t\t\t\t\t<\/a>\n\t\t\t\t\t\t<\/div>\n\t\t\t\t\t<\/div>\n\t\t\t\t<\/li>\n\t\t\t\t\t\t<\/ul>\n\t<div style=\"clear: both;\"><\/div>\n<\/div>\n<\/span><\/p>\n","protected":false},"excerpt":{"rendered":"<p>Parcours no kill sur la Verdon\u00a0 Gr\u00e9oux les Bains GESTION :\u00a0AAPPMA SAINT MARTIN DE BROMES &#8220;LA GAULE SAINT MARTINOISE VOIR&hellip;<\/p>\n","protected":false},"author":1,"featured_media":4742,"parent":2741,"menu_order":1,"comment_status":"open","ping_status":"open","template":"","meta":{"footnotes":""},"categories":[],"tags":[],"class_list":["post-2743","page","type-page","status-publish","has-post-thumbnail","hentry"],"_links":{"self":[{"href":"https:\/\/www.moucheur.fr\/palm\/wp-json\/wp\/v2\/pages\/2743","targetHints":{"allow":["GET"]}}],"collection":[{"href":"https:\/\/www.moucheur.fr\/palm\/wp-json\/wp\/v2\/pages"}],"about":[{"href":"https:\/\/www.moucheur.fr\/palm\/wp-json\/wp\/v2\/types\/page"}],"author":[{"embeddable":true,"href":"https:\/\/www.moucheur.fr\/palm\/wp-json\/wp\/v2\/users\/1"}],"replies":[{"embeddable":true,"href":"https:\/\/www.moucheur.fr\/palm\/wp-json\/wp\/v2\/comments?post=2743"}],"version-history":[{"count":0,"href":"https:\/\/www.moucheur.fr\/palm\/wp-json\/wp\/v2\/pages\/2743\/revisions"}],"up":[{"embeddable":true,"href":"https:\/\/www.moucheur.fr\/palm\/wp-json\/wp\/v2\/pages\/2741"}],"wp:featuredmedia":[{"embeddable":true,"href":"https:\/\/www.moucheur.fr\/palm\/wp-json\/wp\/v2\/media\/4742"}],"wp:attachment":[{"href":"https:\/\/www.moucheur.fr\/palm\/wp-json\/wp\/v2\/media?parent=2743"}],"wp:term":[{"taxonomy":"category","embeddable":true,"href":"https:\/\/www.moucheur.fr\/palm\/wp-json\/wp\/v2\/categories?post=2743"},{"taxonomy":"post_tag","embeddable":true,"href":"https:\/\/www.moucheur.fr\/palm\/wp-json\/wp\/v2\/tags?post=2743"}],"curies":[{"name":"wp","href":"https:\/\/api.w.org\/{rel}","templated":true}]}}