{"id":5952,"date":"2016-04-27T20:46:22","date_gmt":"2016-04-27T18:46:22","guid":{"rendered":"http:\/\/www.moucheur.fr\/palm\/?page_id=5952"},"modified":"2016-04-27T20:51:35","modified_gmt":"2016-04-27T18:51:35","slug":"proteger-vos-chaussures-de-wading","status":"publish","type":"page","link":"https:\/\/www.moucheur.fr\/palm\/mouche\/trucs-et-astuces\/proteger-vos-chaussures-de-wading\/","title":{"rendered":"Chaussures wading"},"content":{"rendered":"<p><span style=\"font-family: verdana, geneva, sans-serif; font-size: 10pt;\">\u00a0<\/span><\/p>\n<p style=\"text-align: justify;\"><strong><span style=\"font-family: verdana,geneva,sans-serif; font-size: 10pt;\">Comment \u00e9viter une usure pr\u00e9matur\u00e9e des coutures de vos chaussures de wading.<\/span><\/strong><\/p>\n<p style=\"text-align: justify;\"><span style=\"font-family: verdana, geneva, sans-serif; font-size: 10pt;\"><a href=\"http:\/\/www.moucheur.fr\/palm\/wp-content\/uploads\/2016\/03\/D3S_1357.jpg\" rel=\"attachment wp-att-5820\"><img decoding=\"async\" class=\"size-medium wp-image-5820 alignleft\" src=\"http:\/\/www.moucheur.fr\/palm\/wp-content\/uploads\/2016\/03\/D3S_1357-300x200.jpg\" alt=\"D3S_1357\" width=\"300\" height=\"200\" srcset=\"https:\/\/www.moucheur.fr\/palm\/wp-content\/uploads\/2016\/03\/D3S_1357-300x200.jpg 300w, https:\/\/www.moucheur.fr\/palm\/wp-content\/uploads\/2016\/03\/D3S_1357.jpg 1024w, https:\/\/www.moucheur.fr\/palm\/wp-content\/uploads\/2016\/03\/D3S_1357-95x62.jpg 95w\" sizes=\"(max-width: 300px) 100vw, 300px\" \/><\/a>Quand nous faisons l\u2019acquisition d\u2019un nouveau mat\u00e9riel nous sommes toujours impatients de le tester tr\u00e8s vite en condition de p\u00eache et je suis le premier dans ce cas \u2026. Alors un conseil, quand vous achetez une canne, moulinet, gilet pas de probl\u00e8me mais pour les chaussures de wading l\u00e0 je dis stop. Souvent les coutures des chaussures s\u2019usent plus vite que la semelle ou le cuir \u00e0 cause des cailloux, graviers, branches, ronces etc \u2026 que l\u2019on trouve dans le fond ou sur les chemins qui bordent nos rivi\u00e8res. Quand nous achetons une paire de chaussure \u00e0 300 \u20ac et qui ne fait que deux saisons, il y a de quoi avoir les boules\u00a0!!! J\u2019ai une solution simple et super efficace. Les monteurs de mouche ont tous maintenant dans leur valise de la colle UV avec une lampe quand ils montent des Perdigones ou autres nymphes. Le principe est simple il faut avant la premi\u00e8re utilisation mettre sur toutes les coutures de vos chaussures de la colle UV avec un coup de lampe le surplus de colle partira des la premi\u00e8re sortie &#8230;. vos chaussures dureront plusieurs saisons sans probl\u00e8me.<\/span><\/p>\n<table>\n<tbody>\n<tr>\n<td><a href=\"http:\/\/www.moucheur.fr\/palm\/wp-content\/uploads\/2016\/03\/D3S_1360.jpg\" rel=\"attachment wp-att-5822\"><img decoding=\"async\" class=\"size-medium wp-image-5822 alignleft\" src=\"http:\/\/www.moucheur.fr\/palm\/wp-content\/uploads\/2016\/03\/D3S_1360-300x200.jpg\" alt=\"D3S_1360\" width=\"300\" height=\"200\" srcset=\"https:\/\/www.moucheur.fr\/palm\/wp-content\/uploads\/2016\/03\/D3S_1360-300x200.jpg 300w, https:\/\/www.moucheur.fr\/palm\/wp-content\/uploads\/2016\/03\/D3S_1360.jpg 1024w, https:\/\/www.moucheur.fr\/palm\/wp-content\/uploads\/2016\/03\/D3S_1360-95x62.jpg 95w\" sizes=\"(max-width: 300px) 100vw, 300px\" \/><\/a><\/td>\n<td>\n<p style=\"text-align: justify;\"><span style=\"font-family: verdana,geneva,sans-serif; font-size: 10pt;\">Liste des ingr\u00e9dients et outils indispensable<\/span><\/p>\n<p style=\"text-align: justify;\"><span style=\"font-family: verdana,geneva,sans-serif; font-size: 10pt;\">Chaussure neuve<\/span><\/p>\n<p style=\"text-align: justify;\"><span style=\"font-family: verdana,geneva,sans-serif; font-size: 10pt;\">Aiguille<\/span><\/p>\n<p style=\"text-align: justify;\"><span style=\"font-family: verdana,geneva,sans-serif; font-size: 10pt;\">Colle UV liquide et lampe UV\u00a0<\/span><\/p>\n<\/td>\n<td><\/td>\n<\/tr>\n<tr>\n<td><a href=\"http:\/\/www.moucheur.fr\/palm\/wp-content\/uploads\/2016\/03\/D3S_1361.jpg\" rel=\"attachment wp-att-5823\"><img decoding=\"async\" class=\"size-medium wp-image-5823 alignleft\" src=\"http:\/\/www.moucheur.fr\/palm\/wp-content\/uploads\/2016\/03\/D3S_1361-300x200.jpg\" alt=\"D3S_1361\" width=\"300\" height=\"200\" srcset=\"https:\/\/www.moucheur.fr\/palm\/wp-content\/uploads\/2016\/03\/D3S_1361-300x200.jpg 300w, https:\/\/www.moucheur.fr\/palm\/wp-content\/uploads\/2016\/03\/D3S_1361.jpg 1024w, https:\/\/www.moucheur.fr\/palm\/wp-content\/uploads\/2016\/03\/D3S_1361-95x62.jpg 95w\" sizes=\"(max-width: 300px) 100vw, 300px\" \/><\/a><\/td>\n<td><span style=\"font-family: verdana,geneva,sans-serif; font-size: 10pt;\">D\u00e9poser sous forme de cordon la\u00a0colle UV sur les coutures<\/span><\/td>\n<td><\/td>\n<\/tr>\n<tr>\n<td><span style=\"font-family: verdana,geneva,sans-serif; font-size: 10pt;\"><a href=\"http:\/\/www.moucheur.fr\/palm\/wp-content\/uploads\/2016\/03\/D3S_1363.jpg\" rel=\"attachment wp-att-5825\"><img decoding=\"async\" class=\"size-medium wp-image-5825 alignleft\" src=\"http:\/\/www.moucheur.fr\/palm\/wp-content\/uploads\/2016\/03\/D3S_1363-300x200.jpg\" alt=\"D3S_1363\" width=\"300\" height=\"200\" srcset=\"https:\/\/www.moucheur.fr\/palm\/wp-content\/uploads\/2016\/03\/D3S_1363-300x200.jpg 300w, https:\/\/www.moucheur.fr\/palm\/wp-content\/uploads\/2016\/03\/D3S_1363.jpg 1024w, https:\/\/www.moucheur.fr\/palm\/wp-content\/uploads\/2016\/03\/D3S_1363-95x62.jpg 95w\" sizes=\"(max-width: 300px) 100vw, 300px\" \/><\/a><\/span><\/td>\n<td><span style=\"font-family: verdana,geneva,sans-serif; font-size: 10pt;\">Faire bien p\u00e9n\u00e9trer la colle en l\u2019\u00e9talant sous forme de cordon.<\/span><\/td>\n<td><\/td>\n<\/tr>\n<tr>\n<td><a href=\"http:\/\/www.moucheur.fr\/palm\/wp-content\/uploads\/2016\/03\/D3S_1365.jpg\" rel=\"attachment wp-att-5827\"><img decoding=\"async\" class=\"size-medium wp-image-5827 alignleft\" src=\"http:\/\/www.moucheur.fr\/palm\/wp-content\/uploads\/2016\/03\/D3S_1365-300x200.jpg\" alt=\"D3S_1365\" width=\"300\" height=\"200\" srcset=\"https:\/\/www.moucheur.fr\/palm\/wp-content\/uploads\/2016\/03\/D3S_1365-300x200.jpg 300w, https:\/\/www.moucheur.fr\/palm\/wp-content\/uploads\/2016\/03\/D3S_1365.jpg 1024w, https:\/\/www.moucheur.fr\/palm\/wp-content\/uploads\/2016\/03\/D3S_1365-95x62.jpg 95w\" sizes=\"(max-width: 300px) 100vw, 300px\" \/><\/a><\/td>\n<td><span style=\"font-family: verdana,geneva,sans-serif; font-size: 10pt;\">Mettre un coup de lampe UV pour faire durcir la colle.<\/span><\/td>\n<td><\/td>\n<\/tr>\n<tr>\n<td><span style=\"font-family: verdana,geneva,sans-serif; font-size: 10pt;\"><strong>Voil\u00e0 le r\u00e9sultat que vous devez obtenir !!!<\/strong><\/span><\/td>\n<td style=\"text-align: center;\"><\/td>\n<td><\/td>\n<\/tr>\n<tr>\n<td><span style=\"font-family: verdana,geneva,sans-serif; font-size: 10pt;\"><strong><a href=\"http:\/\/www.moucheur.fr\/palm\/wp-content\/uploads\/2016\/03\/D3S_1366.jpg\" rel=\"attachment wp-att-5828\"><img decoding=\"async\" class=\"size-medium wp-image-5828 alignleft\" src=\"http:\/\/www.moucheur.fr\/palm\/wp-content\/uploads\/2016\/03\/D3S_1366-300x200.jpg\" alt=\"D3S_1366\" width=\"300\" height=\"200\" srcset=\"https:\/\/www.moucheur.fr\/palm\/wp-content\/uploads\/2016\/03\/D3S_1366-300x200.jpg 300w, https:\/\/www.moucheur.fr\/palm\/wp-content\/uploads\/2016\/03\/D3S_1366.jpg 1024w, https:\/\/www.moucheur.fr\/palm\/wp-content\/uploads\/2016\/03\/D3S_1366-95x62.jpg 95w\" sizes=\"(max-width: 300px) 100vw, 300px\" \/><\/a><\/strong><\/span><\/td>\n<td><a href=\"http:\/\/www.moucheur.fr\/palm\/wp-content\/uploads\/2016\/03\/D3S_1369.jpg\" rel=\"attachment wp-att-5831\"><img decoding=\"async\" class=\"size-medium wp-image-5831 aligncenter\" src=\"http:\/\/www.moucheur.fr\/palm\/wp-content\/uploads\/2016\/03\/D3S_1369-200x300.jpg\" alt=\"D3S_1369\" width=\"200\" height=\"300\" srcset=\"https:\/\/www.moucheur.fr\/palm\/wp-content\/uploads\/2016\/03\/D3S_1369-200x300.jpg 200w, https:\/\/www.moucheur.fr\/palm\/wp-content\/uploads\/2016\/03\/D3S_1369-682x1024.jpg 682w, https:\/\/www.moucheur.fr\/palm\/wp-content\/uploads\/2016\/03\/D3S_1369.jpg 1024w\" sizes=\"(max-width: 200px) 100vw, 200px\" \/><\/a><\/td>\n<td><a href=\"http:\/\/www.moucheur.fr\/palm\/wp-content\/uploads\/2016\/03\/D3S_1367.jpg\" rel=\"attachment wp-att-5829\"><img decoding=\"async\" class=\"size-medium wp-image-5829 alignright\" src=\"http:\/\/www.moucheur.fr\/palm\/wp-content\/uploads\/2016\/03\/D3S_1367-300x200.jpg\" alt=\"D3S_1367\" width=\"300\" height=\"200\" srcset=\"https:\/\/www.moucheur.fr\/palm\/wp-content\/uploads\/2016\/03\/D3S_1367-300x200.jpg 300w, https:\/\/www.moucheur.fr\/palm\/wp-content\/uploads\/2016\/03\/D3S_1367.jpg 1024w, https:\/\/www.moucheur.fr\/palm\/wp-content\/uploads\/2016\/03\/D3S_1367-95x62.jpg 95w\" sizes=\"(max-width: 300px) 100vw, 300px\" \/><\/a><\/td>\n<\/tr>\n<\/tbody>\n<\/table>\n<p style=\"text-align: justify;\"><strong><em><span style=\"font-family: verdana,geneva,sans-serif; font-size: 10pt;\">Voir les photos<\/span><\/em><\/strong><\/p>\n<style type=\"text\/css\">\n#foogallery-gallery-5943.fg-justified .fg-item { margin-right: 1px; margin-bottom: 1px; }\n#foogallery-gallery-5943.fg-justified .fg-image { height: 150px; }<\/style>\n\t\t\t<style type=\"text\/css\">\n#foogallery-gallery-5943_1.fg-justified .fg-item { margin-right: 1px; margin-bottom: 1px; }\n#foogallery-gallery-5943_1.fg-justified .fg-image { height: 150px; }<\/style>\n\t\t\t<div class=\"foogallery foogallery-container foogallery-justified foogallery-lightbox-foobox-free fg-justified fg-ready fg-light fg-loading-default fg-loaded-fade-in fg-hover-fade\" id=\"foogallery-gallery-5943_1\" data-foogallery=\"{&quot;item&quot;:{&quot;showCaptionTitle&quot;:true,&quot;showCaptionDescription&quot;:true},&quot;lazy&quot;:true,&quot;template&quot;:{&quot;rowHeight&quot;:150,&quot;maxRowHeight&quot;:300,&quot;margins&quot;:1,&quot;align&quot;:&quot;center&quot;,&quot;lastRow&quot;:&quot;smart&quot;}}\" style=\"--fg-title-line-clamp: 0; --fg-description-line-clamp: 0;\" >\n\t<div class=\"fg-item fg-type-image fg-idle\"><figure class=\"fg-item-inner\"><a href=\"https:\/\/www.moucheur.fr\/palm\/wp-content\/uploads\/2016\/03\/image_article.jpg\" data-attachment-id=\"5838\" data-type=\"image\" class=\"fg-thumb\"><span class=\"fg-image-wrap\"><img fetchpriority=\"high\" decoding=\"async\" height=\"300\" width=\"541\" class=\"skip-lazy fg-image\" data-no-lazy=\"1\" data-src-fg=\"https:\/\/www.moucheur.fr\/palm\/wp-content\/uploads\/cache\/2016\/03\/image_article\/618194057.jpg\" src=\"data:image\/svg+xml,%3Csvg%20xmlns%3D%22http%3A%2F%2Fwww.w3.org%2F2000%2Fsvg%22%20width%3D%22541%22%20height%3D%22300%22%20viewBox%3D%220%200%20541%20300%22%3E%3C%2Fsvg%3E\" loading=\"eager\"><\/span><span class=\"fg-image-overlay\"><\/span><\/a><\/figure><div class=\"fg-loader\"><\/div><\/div><div class=\"fg-item fg-type-image fg-idle\"><figure class=\"fg-item-inner\"><a href=\"https:\/\/www.moucheur.fr\/palm\/wp-content\/uploads\/2016\/03\/D3S_1375.jpg\" data-attachment-id=\"5835\" data-type=\"image\" class=\"fg-thumb\"><span class=\"fg-image-wrap\"><img decoding=\"async\" height=\"300\" width=\"450\" class=\"skip-lazy fg-image\" data-no-lazy=\"1\" data-src-fg=\"https:\/\/www.moucheur.fr\/palm\/wp-content\/uploads\/cache\/2016\/03\/D3S_1375\/211607281.jpg\" src=\"data:image\/svg+xml,%3Csvg%20xmlns%3D%22http%3A%2F%2Fwww.w3.org%2F2000%2Fsvg%22%20width%3D%22450%22%20height%3D%22300%22%20viewBox%3D%220%200%20450%20300%22%3E%3C%2Fsvg%3E\" loading=\"eager\"><\/span><span class=\"fg-image-overlay\"><\/span><\/a><\/figure><div class=\"fg-loader\"><\/div><\/div><div class=\"fg-item fg-type-image fg-idle\"><figure class=\"fg-item-inner\"><a href=\"https:\/\/www.moucheur.fr\/palm\/wp-content\/uploads\/2016\/03\/D3S_1374.jpg\" data-attachment-id=\"5834\" data-type=\"image\" class=\"fg-thumb\"><span class=\"fg-image-wrap\"><img decoding=\"async\" height=\"300\" width=\"200\" class=\"skip-lazy fg-image\" data-no-lazy=\"1\" data-src-fg=\"https:\/\/www.moucheur.fr\/palm\/wp-content\/uploads\/cache\/2016\/03\/D3S_1374\/2033712626.jpg\" src=\"data:image\/svg+xml,%3Csvg%20xmlns%3D%22http%3A%2F%2Fwww.w3.org%2F2000%2Fsvg%22%20width%3D%22200%22%20height%3D%22300%22%20viewBox%3D%220%200%20200%20300%22%3E%3C%2Fsvg%3E\" loading=\"eager\"><\/span><span class=\"fg-image-overlay\"><\/span><\/a><\/figure><div class=\"fg-loader\"><\/div><\/div><div class=\"fg-item fg-type-image fg-idle\"><figure class=\"fg-item-inner\"><a href=\"https:\/\/www.moucheur.fr\/palm\/wp-content\/uploads\/2016\/03\/D3S_1371.jpg\" data-attachment-id=\"5833\" data-type=\"image\" class=\"fg-thumb\"><span class=\"fg-image-wrap\"><img decoding=\"async\" height=\"300\" width=\"450\" class=\"skip-lazy fg-image\" data-no-lazy=\"1\" data-src-fg=\"https:\/\/www.moucheur.fr\/palm\/wp-content\/uploads\/cache\/2016\/03\/D3S_1371\/2821854663.jpg\" src=\"data:image\/svg+xml,%3Csvg%20xmlns%3D%22http%3A%2F%2Fwww.w3.org%2F2000%2Fsvg%22%20width%3D%22450%22%20height%3D%22300%22%20viewBox%3D%220%200%20450%20300%22%3E%3C%2Fsvg%3E\" loading=\"eager\"><\/span><span class=\"fg-image-overlay\"><\/span><\/a><\/figure><div class=\"fg-loader\"><\/div><\/div><div class=\"fg-item fg-type-image fg-idle\"><figure class=\"fg-item-inner\"><a href=\"https:\/\/www.moucheur.fr\/palm\/wp-content\/uploads\/2016\/03\/D3S_1370.jpg\" data-attachment-id=\"5832\" data-type=\"image\" class=\"fg-thumb\"><span class=\"fg-image-wrap\"><img decoding=\"async\" height=\"300\" width=\"450\" class=\"skip-lazy fg-image\" data-no-lazy=\"1\" data-src-fg=\"https:\/\/www.moucheur.fr\/palm\/wp-content\/uploads\/cache\/2016\/03\/D3S_1370\/3717805764.jpg\" src=\"data:image\/svg+xml,%3Csvg%20xmlns%3D%22http%3A%2F%2Fwww.w3.org%2F2000%2Fsvg%22%20width%3D%22450%22%20height%3D%22300%22%20viewBox%3D%220%200%20450%20300%22%3E%3C%2Fsvg%3E\" loading=\"eager\"><\/span><span class=\"fg-image-overlay\"><\/span><\/a><\/figure><div class=\"fg-loader\"><\/div><\/div><div class=\"fg-item fg-type-image fg-idle\"><figure class=\"fg-item-inner\"><a href=\"https:\/\/www.moucheur.fr\/palm\/wp-content\/uploads\/2016\/03\/D3S_1369.jpg\" data-attachment-id=\"5831\" data-type=\"image\" class=\"fg-thumb\"><span class=\"fg-image-wrap\"><img decoding=\"async\" height=\"300\" width=\"200\" class=\"skip-lazy fg-image\" data-no-lazy=\"1\" data-src-fg=\"https:\/\/www.moucheur.fr\/palm\/wp-content\/uploads\/cache\/2016\/03\/D3S_1369\/3319749450.jpg\" src=\"data:image\/svg+xml,%3Csvg%20xmlns%3D%22http%3A%2F%2Fwww.w3.org%2F2000%2Fsvg%22%20width%3D%22200%22%20height%3D%22300%22%20viewBox%3D%220%200%20200%20300%22%3E%3C%2Fsvg%3E\" loading=\"eager\"><\/span><span class=\"fg-image-overlay\"><\/span><\/a><\/figure><div class=\"fg-loader\"><\/div><\/div><div class=\"fg-item fg-type-image fg-idle\"><figure class=\"fg-item-inner\"><a href=\"https:\/\/www.moucheur.fr\/palm\/wp-content\/uploads\/2016\/03\/D3S_1368.jpg\" data-attachment-id=\"5830\" data-type=\"image\" class=\"fg-thumb\"><span class=\"fg-image-wrap\"><img decoding=\"async\" height=\"300\" width=\"450\" class=\"skip-lazy fg-image\" data-no-lazy=\"1\" data-src-fg=\"https:\/\/www.moucheur.fr\/palm\/wp-content\/uploads\/cache\/2016\/03\/D3S_1368\/2960422985.jpg\" src=\"data:image\/svg+xml,%3Csvg%20xmlns%3D%22http%3A%2F%2Fwww.w3.org%2F2000%2Fsvg%22%20width%3D%22450%22%20height%3D%22300%22%20viewBox%3D%220%200%20450%20300%22%3E%3C%2Fsvg%3E\" loading=\"eager\"><\/span><span class=\"fg-image-overlay\"><\/span><\/a><\/figure><div class=\"fg-loader\"><\/div><\/div><div class=\"fg-item fg-type-image fg-idle\"><figure class=\"fg-item-inner\"><a href=\"https:\/\/www.moucheur.fr\/palm\/wp-content\/uploads\/2016\/03\/D3S_1367.jpg\" data-attachment-id=\"5829\" data-type=\"image\" class=\"fg-thumb\"><span class=\"fg-image-wrap\"><img decoding=\"async\" height=\"300\" width=\"450\" class=\"skip-lazy fg-image\" data-no-lazy=\"1\" data-src-fg=\"https:\/\/www.moucheur.fr\/palm\/wp-content\/uploads\/cache\/2016\/03\/D3S_1367\/2517411981.jpg\" src=\"data:image\/svg+xml,%3Csvg%20xmlns%3D%22http%3A%2F%2Fwww.w3.org%2F2000%2Fsvg%22%20width%3D%22450%22%20height%3D%22300%22%20viewBox%3D%220%200%20450%20300%22%3E%3C%2Fsvg%3E\" loading=\"eager\"><\/span><span class=\"fg-image-overlay\"><\/span><\/a><\/figure><div class=\"fg-loader\"><\/div><\/div><div class=\"fg-item fg-type-image fg-idle\"><figure class=\"fg-item-inner\"><a href=\"https:\/\/www.moucheur.fr\/palm\/wp-content\/uploads\/2016\/03\/D3S_1366.jpg\" data-attachment-id=\"5828\" data-type=\"image\" class=\"fg-thumb\"><span class=\"fg-image-wrap\"><img decoding=\"async\" height=\"300\" width=\"450\" class=\"skip-lazy fg-image\" data-no-lazy=\"1\" data-src-fg=\"https:\/\/www.moucheur.fr\/palm\/wp-content\/uploads\/cache\/2016\/03\/D3S_1366\/3819408270.jpg\" src=\"data:image\/svg+xml,%3Csvg%20xmlns%3D%22http%3A%2F%2Fwww.w3.org%2F2000%2Fsvg%22%20width%3D%22450%22%20height%3D%22300%22%20viewBox%3D%220%200%20450%20300%22%3E%3C%2Fsvg%3E\" loading=\"eager\"><\/span><span class=\"fg-image-overlay\"><\/span><\/a><\/figure><div class=\"fg-loader\"><\/div><\/div><div class=\"fg-item fg-type-image fg-idle\"><figure class=\"fg-item-inner\"><a href=\"https:\/\/www.moucheur.fr\/palm\/wp-content\/uploads\/2016\/03\/D3S_1365.jpg\" data-attachment-id=\"5827\" data-type=\"image\" class=\"fg-thumb\"><span class=\"fg-image-wrap\"><img decoding=\"async\" height=\"300\" width=\"450\" class=\"skip-lazy fg-image\" data-no-lazy=\"1\" data-src-fg=\"https:\/\/www.moucheur.fr\/palm\/wp-content\/uploads\/cache\/2016\/03\/D3S_1365\/1016292627.jpg\" src=\"data:image\/svg+xml,%3Csvg%20xmlns%3D%22http%3A%2F%2Fwww.w3.org%2F2000%2Fsvg%22%20width%3D%22450%22%20height%3D%22300%22%20viewBox%3D%220%200%20450%20300%22%3E%3C%2Fsvg%3E\" loading=\"eager\"><\/span><span class=\"fg-image-overlay\"><\/span><\/a><\/figure><div class=\"fg-loader\"><\/div><\/div><div class=\"fg-item fg-type-image fg-idle\"><figure class=\"fg-item-inner\"><a href=\"https:\/\/www.moucheur.fr\/palm\/wp-content\/uploads\/2016\/03\/D3S_1364.jpg\" data-attachment-id=\"5826\" data-type=\"image\" class=\"fg-thumb\"><span class=\"fg-image-wrap\"><img decoding=\"async\" height=\"300\" width=\"450\" class=\"skip-lazy fg-image\" data-no-lazy=\"1\" data-src-fg=\"https:\/\/www.moucheur.fr\/palm\/wp-content\/uploads\/cache\/2016\/03\/D3S_1364\/1228424720.jpg\" src=\"data:image\/svg+xml,%3Csvg%20xmlns%3D%22http%3A%2F%2Fwww.w3.org%2F2000%2Fsvg%22%20width%3D%22450%22%20height%3D%22300%22%20viewBox%3D%220%200%20450%20300%22%3E%3C%2Fsvg%3E\" loading=\"eager\"><\/span><span class=\"fg-image-overlay\"><\/span><\/a><\/figure><div class=\"fg-loader\"><\/div><\/div><div class=\"fg-item fg-type-image fg-idle\"><figure class=\"fg-item-inner\"><a href=\"https:\/\/www.moucheur.fr\/palm\/wp-content\/uploads\/2016\/03\/D3S_1363.jpg\" data-attachment-id=\"5825\" data-type=\"image\" class=\"fg-thumb\"><span class=\"fg-image-wrap\"><img decoding=\"async\" height=\"300\" width=\"450\" class=\"skip-lazy fg-image\" data-no-lazy=\"1\" data-src-fg=\"https:\/\/www.moucheur.fr\/palm\/wp-content\/uploads\/cache\/2016\/03\/D3S_1363\/1401892335.jpg\" src=\"data:image\/svg+xml,%3Csvg%20xmlns%3D%22http%3A%2F%2Fwww.w3.org%2F2000%2Fsvg%22%20width%3D%22450%22%20height%3D%22300%22%20viewBox%3D%220%200%20450%20300%22%3E%3C%2Fsvg%3E\" loading=\"eager\"><\/span><span class=\"fg-image-overlay\"><\/span><\/a><\/figure><div class=\"fg-loader\"><\/div><\/div><div class=\"fg-item fg-type-image fg-idle\"><figure class=\"fg-item-inner\"><a href=\"https:\/\/www.moucheur.fr\/palm\/wp-content\/uploads\/2016\/03\/D3S_1362.jpg\" data-attachment-id=\"5824\" data-type=\"image\" class=\"fg-thumb\"><span class=\"fg-image-wrap\"><img decoding=\"async\" height=\"300\" width=\"450\" class=\"skip-lazy fg-image\" data-no-lazy=\"1\" data-src-fg=\"https:\/\/www.moucheur.fr\/palm\/wp-content\/uploads\/cache\/2016\/03\/D3S_1362\/639897324.jpg\" src=\"data:image\/svg+xml,%3Csvg%20xmlns%3D%22http%3A%2F%2Fwww.w3.org%2F2000%2Fsvg%22%20width%3D%22450%22%20height%3D%22300%22%20viewBox%3D%220%200%20450%20300%22%3E%3C%2Fsvg%3E\" loading=\"eager\"><\/span><span class=\"fg-image-overlay\"><\/span><\/a><\/figure><div class=\"fg-loader\"><\/div><\/div><div class=\"fg-item fg-type-image fg-idle\"><figure class=\"fg-item-inner\"><a href=\"https:\/\/www.moucheur.fr\/palm\/wp-content\/uploads\/2016\/03\/D3S_1361.jpg\" data-attachment-id=\"5823\" data-type=\"image\" class=\"fg-thumb\"><span class=\"fg-image-wrap\"><img decoding=\"async\" height=\"300\" width=\"450\" class=\"skip-lazy fg-image\" data-no-lazy=\"1\" data-src-fg=\"https:\/\/www.moucheur.fr\/palm\/wp-content\/uploads\/cache\/2016\/03\/D3S_1361\/827256670.jpg\" src=\"data:image\/svg+xml,%3Csvg%20xmlns%3D%22http%3A%2F%2Fwww.w3.org%2F2000%2Fsvg%22%20width%3D%22450%22%20height%3D%22300%22%20viewBox%3D%220%200%20450%20300%22%3E%3C%2Fsvg%3E\" loading=\"eager\"><\/span><span class=\"fg-image-overlay\"><\/span><\/a><\/figure><div class=\"fg-loader\"><\/div><\/div><div class=\"fg-item fg-type-image fg-idle\"><figure class=\"fg-item-inner\"><a href=\"https:\/\/www.moucheur.fr\/palm\/wp-content\/uploads\/2016\/03\/D3S_1360.jpg\" data-attachment-id=\"5822\" data-type=\"image\" class=\"fg-thumb\"><span class=\"fg-image-wrap\"><img decoding=\"async\" height=\"300\" width=\"450\" class=\"skip-lazy fg-image\" data-no-lazy=\"1\" data-src-fg=\"https:\/\/www.moucheur.fr\/palm\/wp-content\/uploads\/cache\/2016\/03\/D3S_1360\/1155910749.jpg\" src=\"data:image\/svg+xml,%3Csvg%20xmlns%3D%22http%3A%2F%2Fwww.w3.org%2F2000%2Fsvg%22%20width%3D%22450%22%20height%3D%22300%22%20viewBox%3D%220%200%20450%20300%22%3E%3C%2Fsvg%3E\" loading=\"eager\"><\/span><span class=\"fg-image-overlay\"><\/span><\/a><\/figure><div class=\"fg-loader\"><\/div><\/div><div class=\"fg-item fg-type-image fg-idle\"><figure class=\"fg-item-inner\"><a href=\"https:\/\/www.moucheur.fr\/palm\/wp-content\/uploads\/2016\/03\/D3S_1357.jpg\" data-attachment-id=\"5820\" data-type=\"image\" class=\"fg-thumb\"><span class=\"fg-image-wrap\"><img decoding=\"async\" height=\"300\" width=\"450\" class=\"skip-lazy fg-image\" data-no-lazy=\"1\" data-src-fg=\"https:\/\/www.moucheur.fr\/palm\/wp-content\/uploads\/cache\/2016\/03\/D3S_1357\/3739138298.jpg\" src=\"data:image\/svg+xml,%3Csvg%20xmlns%3D%22http%3A%2F%2Fwww.w3.org%2F2000%2Fsvg%22%20width%3D%22450%22%20height%3D%22300%22%20viewBox%3D%220%200%20450%20300%22%3E%3C%2Fsvg%3E\" loading=\"eager\"><\/span><span class=\"fg-image-overlay\"><\/span><\/a><\/figure><div class=\"fg-loader\"><\/div><\/div><div class=\"fg-item fg-type-image fg-idle\"><figure class=\"fg-item-inner\"><a href=\"https:\/\/www.moucheur.fr\/palm\/wp-content\/uploads\/2016\/03\/D3S_1356.jpg\" data-attachment-id=\"5819\" data-type=\"image\" class=\"fg-thumb\"><span class=\"fg-image-wrap\"><img decoding=\"async\" height=\"300\" width=\"450\" class=\"skip-lazy fg-image\" data-no-lazy=\"1\" data-src-fg=\"https:\/\/www.moucheur.fr\/palm\/wp-content\/uploads\/cache\/2016\/03\/D3S_1356\/710058489.jpg\" src=\"data:image\/svg+xml,%3Csvg%20xmlns%3D%22http%3A%2F%2Fwww.w3.org%2F2000%2Fsvg%22%20width%3D%22450%22%20height%3D%22300%22%20viewBox%3D%220%200%20450%20300%22%3E%3C%2Fsvg%3E\" loading=\"eager\"><\/span><span class=\"fg-image-overlay\"><\/span><\/a><\/figure><div class=\"fg-loader\"><\/div><\/div><div class=\"fg-item fg-type-image fg-idle\"><figure class=\"fg-item-inner\"><a href=\"https:\/\/www.moucheur.fr\/palm\/wp-content\/uploads\/2016\/03\/D3S_1354.jpg\" data-attachment-id=\"5818\" data-type=\"image\" class=\"fg-thumb\"><span class=\"fg-image-wrap\"><img decoding=\"async\" height=\"300\" width=\"450\" class=\"skip-lazy fg-image\" data-no-lazy=\"1\" data-src-fg=\"https:\/\/www.moucheur.fr\/palm\/wp-content\/uploads\/cache\/2016\/03\/D3S_1354\/3514205465.jpg\" src=\"data:image\/svg+xml,%3Csvg%20xmlns%3D%22http%3A%2F%2Fwww.w3.org%2F2000%2Fsvg%22%20width%3D%22450%22%20height%3D%22300%22%20viewBox%3D%220%200%20450%20300%22%3E%3C%2Fsvg%3E\" loading=\"eager\"><\/span><span class=\"fg-image-overlay\"><\/span><\/a><\/figure><div class=\"fg-loader\"><\/div><\/div><div class=\"fg-item fg-type-image fg-idle\"><figure class=\"fg-item-inner\"><a href=\"https:\/\/www.moucheur.fr\/palm\/wp-content\/uploads\/2016\/03\/D3S_1353.jpg\" data-attachment-id=\"5817\" data-type=\"image\" class=\"fg-thumb\"><span class=\"fg-image-wrap\"><img decoding=\"async\" height=\"300\" width=\"450\" class=\"skip-lazy fg-image\" data-no-lazy=\"1\" data-src-fg=\"https:\/\/www.moucheur.fr\/palm\/wp-content\/uploads\/cache\/2016\/03\/D3S_1353\/2315806078.jpg\" src=\"data:image\/svg+xml,%3Csvg%20xmlns%3D%22http%3A%2F%2Fwww.w3.org%2F2000%2Fsvg%22%20width%3D%22450%22%20height%3D%22300%22%20viewBox%3D%220%200%20450%20300%22%3E%3C%2Fsvg%3E\" loading=\"eager\"><\/span><span class=\"fg-image-overlay\"><\/span><\/a><\/figure><div class=\"fg-loader\"><\/div><\/div><\/div>\n\n<p>&nbsp;<\/p>\n<p>&nbsp;<\/p>\n<p>&nbsp;<\/p>\n","protected":false},"excerpt":{"rendered":"<p>\u00a0 Comment \u00e9viter une usure pr\u00e9matur\u00e9e des coutures de vos chaussures de wading. Quand nous faisons l\u2019acquisition d\u2019un nouveau mat\u00e9riel&hellip;<\/p>\n","protected":false},"author":1,"featured_media":5838,"parent":4319,"menu_order":3,"comment_status":"open","ping_status":"closed","template":"","meta":{"footnotes":""},"categories":[],"tags":[],"class_list":["post-5952","page","type-page","status-publish","has-post-thumbnail","hentry"],"_links":{"self":[{"href":"https:\/\/www.moucheur.fr\/palm\/wp-json\/wp\/v2\/pages\/5952","targetHints":{"allow":["GET"]}}],"collection":[{"href":"https:\/\/www.moucheur.fr\/palm\/wp-json\/wp\/v2\/pages"}],"about":[{"href":"https:\/\/www.moucheur.fr\/palm\/wp-json\/wp\/v2\/types\/page"}],"author":[{"embeddable":true,"href":"https:\/\/www.moucheur.fr\/palm\/wp-json\/wp\/v2\/users\/1"}],"replies":[{"embeddable":true,"href":"https:\/\/www.moucheur.fr\/palm\/wp-json\/wp\/v2\/comments?post=5952"}],"version-history":[{"count":0,"href":"https:\/\/www.moucheur.fr\/palm\/wp-json\/wp\/v2\/pages\/5952\/revisions"}],"up":[{"embeddable":true,"href":"https:\/\/www.moucheur.fr\/palm\/wp-json\/wp\/v2\/pages\/4319"}],"wp:featuredmedia":[{"embeddable":true,"href":"https:\/\/www.moucheur.fr\/palm\/wp-json\/wp\/v2\/media\/5838"}],"wp:attachment":[{"href":"https:\/\/www.moucheur.fr\/palm\/wp-json\/wp\/v2\/media?parent=5952"}],"wp:term":[{"taxonomy":"category","embeddable":true,"href":"https:\/\/www.moucheur.fr\/palm\/wp-json\/wp\/v2\/categories?post=5952"},{"taxonomy":"post_tag","embeddable":true,"href":"https:\/\/www.moucheur.fr\/palm\/wp-json\/wp\/v2\/tags?post=5952"}],"curies":[{"name":"wp","href":"https:\/\/api.w.org\/{rel}","templated":true}]}}